the remainder when 4804 is divided by 19.
16
What is the remainder when 700123 is divided by 100016?
11
What is the remainder when 16974 is divided by 667?
299
What is the remainder when 6336 is divided by 38?
28
Calculate the remainder when 5505 is divided by 682.
49
Calculate the remainder when 8247 is divided by 412.
7
What is the remainder when 962 is divided by 26?
0
What is the remainder when 144383 is divided by 439?
391
Calculate the remainder when 311217 is divided by 239.
39
What is the remainder when 8561 is divided by 8503?
58
Calculate the remainder when 5900 is divided by 2806.
288
What is the remainder when 28007 is divided by 2332?
23
Calculate the remainder when 4024 is divided by 361.
53
What is the remainder when 2845 is divided by 47?
25
Calculate the remainder when 3715199 is divided by 430.
429
Calculate the remainder when 866 is divided by 156.
86
Calculate the remainder when 28458 is divided by 22.
12
Calculate the remainder when 19253 is divided by 3201.
47
Calculate the remainder when 12471 is divided by 63.
60
What is the remainder when 852 is divided by 777?
75
Calculate the remainder when 110653 is divided by 391.
0
What is the remainder when 5200 is divided by 77?
41
Calculate the remainder when 8439 is divided by 99.
24
Calculate the remainder when 90472 is divided by 90444.
28
Calculate the remainder when 4699 is divided by 2313.
73
What is the remainder when 13731 is divided by 13?
3
What is the remainder when 31519 is divided by 438?
421
What is the remainder when 64809 is divided by 145?
139
What is the remainder when 436460 is divided by 14079?
11
What is the remainder when 28349 is divided by 3388?
1245
What is the remainder when 442642 is divided by 442631?
11
What is the remainder when 5140 is divided by 171?
10
What is the remainder when 209678 is divided by 145?
8
What is the remainder when 29455 is divided by 232?
223
Calculate the remainder when 755423 is divided by 96.
95
Calculate the remainder when 2176823 is divided by 104.
103
Calculate the remainder when 101721 is divided by 113.
21
Calculate the remainder when 140998 is divided by 375.
373
Calculate the remainder when 69479 is divided by 3008.
295
What is the remainder when 8525084 is divided by 1103?
1100
What is the remainder when 3531 is divided by 25?
6
What is the remainder when 880 is divided by 63?
61
Calculate the remainder when 46884 is divided by 11.
2
Calculate the remainder when 30278 is divided by 3.
2
Calculate the remainder when 8164 is divided by 3987.
190
Calculate the remainder when 2614421 is divided by 94.
93
What is the remainder when 141765 is divided by 44?
41
What is the remainder when 1535 is divided by 48?
47
What is the remainder when 56213 is divided by 393?
14
What is the remainder when 225029 is divided by 171?
164
What is the remainder when 55262 is divided by 940?
742
What is the remainder when 6433 is divided by 107?
13
What is the remainder when 20935 is divided by 616?
607
What is the remainder when 263156 is divided by 129?
125
Calculate the remainder when 11074 is divided by 93.
7
Calculate the remainder when 2465 is divided by 226.
205
Calculate the remainder when 101137 is divided by 61.
60
What is the remainder when 354124 is divided by 5?
4
What is the remainder when 1600 is divided by 352?
192
Calculate the remainder when 31005 is divided by 1631.
16
What is the remainder when 402 is divided by 115?
57
Calculate the remainder when 13742 is divided by 4570.
32
What is the remainder when 65408 is divided by 79?
75
Calculate the remainder when 18825 is divided by 9407.
11
What is the remainder when 4714 is divided by 611?
437
Calculate the remainder when 390884 is divided by 103.
102
What is the remainder when 44690 is divided by 212?
170
What is the remainder when 79272 is divided by 28?
4
Calculate the remainder when 20201 is divided by 105.
41
What is the remainder when 77186 is divided by 83?
79
What is the remainder when 1062211 is divided by 55?
51
What is the remainder when 759328 is divided by 1430?
1428
Calculate the remainder when 2311 is divided by 45.
16
Calculate the remainder when 539 is divided by 86.
23
What is the remainder when 81944 is divided by 27?
26
What is the remainder when 7050 is divided by 101?
81
What is the remainder when 388243 is divided by 844?
3
Calculate the remainder when 935273 is divided by 187048.
33
What is the remainder when 20684 is divided by 984?
20
What is the remainder when 419030 is divided by 20951?
10
What is the remainder when 1568 is divided by 695?
178
What is the remainder when 117443 is divided by 67?
59
What is the remainder when 86448 is divided by 11?
10
Calculate the remainder when 1136933 is divided by 284231.
9
What is the remainder when 247414 is divided by 244?
242
What is the remainder when 57167 is divided by 16?
15
What is the remainder when 163239 is divided by 11?
10
What is the remainder when 730214 is divided by 27?
26
Calculate the remainder when 32536 is divided by 32535.
1
Calculate the remainder when 55562 is divided by 5548.
82
What is the remainder when 96777 is divided by 343?
51
What is the remainder when 886787 is divided by 18?
17
Calculate the remainder when 5081 is divided by 845.
11
What is the remainder when 4057 is divided by 55?
42
What is the remainder when 892078 is divided by 472?
470
What is the remainder when 16044 is divided by 5130?
654
Calculate the remainder when 1508 is divided by 395.
323
Calculate the remainder when 700 is divided by 175.
0
What is the remainder when 67356 is divided by 14?
2
Calculate the remainder when 27350 is divided by 52.
50
What is the remainder when 7143 is divided by 39?
6
What is the remainder when 218345 is divided by 35?
15
Calculate the remainder when 2655 is divided by 810.
225
Calculate the remainder when 1006238 is divided by 87.
83
What is the remainder when 25448 is divided by 42?
38
Calculate the remainder when 88332 is divided by 362.
4
What is the remainder when 302748 is divided by 37840?
28
Calculate the remainder when 6117 is divided by 2038.
3
What is the remainder when 3027 is divided by 112?
3
Calculate the remainder when 6949 is divided by 331.
329
Calculate the remainder when 10731 is divided by 49.
0
Calculate the remainder when 1628 is divided by 121.
55
Calculate the remainder when 24752 is divided by 63.
56
What is the remainder when 2031 is divided by 641?
108
What is the remainder when 16429 is divided by 5423?
160
What is the remainder when 18764 is divided by 15?
14
What is the remainder when 2609 is divided by 684?
557
What is the remainder when 75194 is divided by 565?
49
What is the remainder when 24334 is divided by 160?
14
Calculate the remainder when 13784 is divided by 8.
0
Calculate the remainder when 10131234 is divided by 57.
54
What is the remainder when 3726 is divided by 169?
8
What is the remainder when 164864 is divided by 6869?
8
Calculate the remainder when 5365 is divided by 56.
45
What is the remainder when 34452 is divided by 17?
10
Calculate the remainder when 688 is divided by 180.
148
Calculate the remainder when 76 is divided by 50.
26
Calculate the remainder when 8224644 is divided by 11.
10
What is the remainder when 378349 is divided by 26?
23
Calculate the remainder when 3079 is divided by 384.
7
What is the remainder when 1131 is divided by 1029?
102
What is the remainder when 2820 is divided by 838?
306
What is the remainder when 30588 is divided by 108?
24
What is the remainder when 35481 is divided by 4994?
523
What is the remainder when 421732 is divided by 140570?
22
What is the remainder when 618554 is divided by 618551?
3
Calculate the remainder when 14521 is divided by 1035.
31
Calculate the remainder when 119157 is divided by 98.
87
What is the remainder when 24066 is divided by 24050?
16
What is the remainder when 764 is divided by 17?
16
What is the remainder when 41699 is divided by 21?
14
What is the remainder when 434069 is divided by 315?
314
What is the remainder when 3348 is divided by 57?
42
What is the remainder when 1879 is divided by 135?
124
What is the remainder when 219172 is divided by 81?
67
Calculate the remainder when 51124 is divided by 723.
514
Calculate the remainder when 431373 is divided by 6